 - 59. Calculate v(26).
123
Let k(g) = 17417*g + 121925. What is k(-7)?
6
Let d(a) = 5*a**3 + 10*a**2 + 23*a + 13. What is d(-1)?
-5
Let l(i) = -3*i**2 - 217*i - 131. Give l(-72).
-59
Let u(w) = -w**3 - 2*w**2 + 15*w - 19. What is u(3)?
-19
Let c(n) = -621*n + 600. Give c(1).
-21
Let x(q) = 4*q**3 + 58*q**2 - 45*q - 187. Calculate x(-15).
38
Let m(u) = 6*u**2 + 1399*u + 2769. What is m(-2)?
-5
Let f(i) = -8*i**2 - 18*i + 8. Determine f(5).
-282
Let b(c) = -c**3 + 27*c**2 - 132*c + 27. Calculate b(6).
-9
Let d(l) = 271*l - 286. Give d(1).
-15
Let n(a) = -22*a**3 - 346*a**2 + 98*a + 40. Give n(-16).
8
Let o(f) = -763*f - 21302. Calculate o(-28).
62
Let u(z) = -z**3 - 4*z**2 - 4*z + 32. Determine u(0).
32
Let x(i) = -84*i - 46. Calculate x(-1).
38
Let p(j) = -41*j**2 + 543*j + 10. Give p(13).
140
Let z(b) = -b**2 + 132. Calculate z(12).
-12
Let s(u) = u**3 - 18*u**2 + 94*u - 125. Give s(9).
-8
Let z(y) = -2*y**2 + 19*y - 60. What is z(3)?
-21
Let x(o) = 82*o + 109. What is x(5)?
519
Let d(p) = p**2 - 39*p + 304. Determine d(14).
-46
Let h(l) = -l**3 + 23*l**2 + 18*l - 889. Determine h(22).
-9
Let o(z) = -z**3 - 31*z**2 + 951*z - 81. Determine o(-50).
-131
Let o(b) = -5*b**3 - 2*b**2 - 4*b + 6. Give o(2).
-50
Let j(g) = -g**2 + 53*g - 302. Give j(7).
20
Let k(z) = -113*z - 4952. What is k(-44)?
20
Let a(o) = -o**3 + 35*o**2 - 140*o + 3602. What is a(34)?
-2
Let n(l) = -l**2 + 11*l + 104. Give n(14).
62
Let k(c) = 5*c**2 + 4*c - 1. Give k(-4).
63
Let g(i) = -3*i**2 + 28*i - 192. Calculate g(11).
-247
Let r(c) = 2*c**3 + 40*c**2 + 103*c + 33. What is r(-17)?
16
Let k(y) = -284*y + 17. Determine k(-1).
301
Let j(y) = 2*y**2 - 29*y + 12. Determine j(17).
97
Let h(s) = s**3 + 32*s**2 + 48*s - 360. Give h(-30).
0
Let d(j) = -27*j + 426. Determine d(15).
21
Let x(r) = -2*r**3 + 15*r**2 - 8*r - 7. Calculate x(9).
-322
Let n(c) = -1183*c + 105281. What is n(89)?
-6
Let c(r) = -r - 17. Give c(-12).
-5
Let s(o) = -o**3 - 23*o**2 + 17*o - 170. Give s(-24).
-2
Let w(d) = -19*d**2 + 80*d - 11. What is w(4)?
5
Let y(x) = -x**2 - 103*x - 2645. Calculate y(-48).
-5
Let b(y) = -41*y**3 + 740*y**2 - 36*y - 12. Calculate b(18).
-12
Let q(c) = 30*c**2 - 15*c + 21. Give q(3).
246
Let m(o) = -10*o**2 - o + 2. Determine m(1).
-9
Let r(a) = a**2 - 19*a + 1. Determine r(-8).
217
Let o(k) = k**2 - 36*k + 66. Calculate o(13).
-233
Let r(k) = 8*k**2 - 28*k - 90. Determine r(-3).
66
Let p(k) = 94*k**2 + 2254*k - 52. Determine p(-24).
-4
Let a(v) = 488*v + 2431. Calculate a(-5).
-9
Let x(p) = -p**3 - 22*p**2 - 75*p - 10. Calculate x(-6).
-136
Let d(u) = 71*u + 634. Give d(-9).
-5
Let r(t) = 11*t**2 - 20*t - 89. What is r(-3)?
70
Let m(t) = t**3 - 5*t**2 - 15*t - 16. Give m(-3).
-43
Let d(x) = -x**3 - 9*x**2 - 19*x - 60. What is d(-8)?
28
Let m(o) = -317*o - 1625. Calculate m(-5).
-40
Let t(p) = -4*p**2 + 108*p - 34. Give t(26).
70
Let c(q) = -q + 64. What is c(1)?
63
Let r(z) = z**2 - 17*z - 365. Give r(-13).
25
Let s(m) = -346*m - 7953. Determine s(-23).
5
Let a(d) = 42*d**2 + 31*d + 20. Determine a(-1).
31
Let w(s) = -s**3 - 28*s**2 - 139*s + 54. Calculate w(-7).
-2
Let g(j) = 2*j**2 - 8*j - 53. Give g(-5).
37
Let x(f) = f**3 + 18*f**2 + 24*f + 104. Determine x(-17).
-15
Let q(m) = m**2 + 2*m - 8. Calculate q(-6).
16
Let m(l) = 3*l**2 + 91*l - 99. Determine m(-31).
-37
Let d(c) = c**2 - 53*c + 570. What is d(15)?
0
Let r(o) = 5*o**2 + 224*o + 219. Calculate r(-1).
0
Let q(s) = s**2 - 20*s - 25. Give q(19).
-44
Let f(p) = -15419*p - 138778. Determine f(-9).
-7
Let o(s) = s**2 - 34*s + 56. Determine o(31).
-37
Let z(s) = -32*s - 66. What is z(-41)?
1246
Let f(l) = l**2 - 133*l + 2641. Give f(24).
25
Let n(b) = 327*b - 10072. Calculate n(31).
65
Let h(p) = -p**3 - 9*p**2 + 9*p - 45. Determine h(-10).
-35
Let n(o) = 47*o**3 - 5*o**2 + 13*o - 8. Calculate n(1).
47
Let c(s) = -254*s - 4064. Give c(-16).
0
Let s(f) = 3*f**2 - 409*f + 172. Determine s(136).
36
Let y(b) = 4*b**3 - 144*b**2 + 3*b - 100. Give y(36).
8
Let b(g) = -6*g**2 - 25*g + 104. What is b(-7)?
-15
Let f(t) = 1342*t - 9402. Calculate f(7).
-8
Let t(p) = 5*p + 95. Calculate t(10).
145
Let i(d) = -222*d + 667. Determine i(3).
1
Let c(k) = -67*k + 20013. What is c(298)?
47
Let w(a) = -19*a**2 + 940*a - 349. Give w(49).
92
Let m(h) = h**3 + 16*h**2 + 15*h - 19. Calculate m(-15).
-19
Let j(g) = -10*g**2 - 79*g - 142. Determine j(-5).
3
Let f(a) = -15*a - 164. Determine f(-16).
76
Let o(x) = 15*x**3 + 4*x**2 - 126*x + 121. Determine o(1).
14
Let h(i) = -4*i**2 - 39*i - 33. Calculate h(-9).
-6
Let z(v) = -v**2 - 54*v + 674. What is z(15)?
-361
Let k(n) = -6*n**2 + 201*n - 1230. What is k(8)?
-6
Let i(x) = x**3 - 4*x**2 - 25*x + 85. What is i(5)?
-15
Let v(y) = -30*y - 135. Calculate v(-6).
45
Let l(s) = 5*s**3 + 95*s**2 - 26*s - 12. Give l(-19).
482
Let s(a) = 167*a + 2501. Give s(-15).
-4
Let d(x) = x**2 - 30*x - 302. What is d(39)?
49
Let m(f) = 5*f - 70. Give m(12).
-10
Let l(r) = -12*r**3 - 984*r**2 - 5*r - 414. Give l(-82).
-4
Let t(s) = 4854*s + 48535. What is t(-10)?
-5
Let b(h) = -h**3 - 11*h**2 - 8*h - 38. What is b(-11)?
50
Let v(t) = -t**3 + 251*t**2 + 763*t - 257. Give v(254).
-3
Let w(f) = -13*f**3 + 28*f**2 - 4*f + 7. Determine w(2).
7
Let j(b) = -b**3 - 25*b**2 + 13*b + 107. What is j(-26)?
445
Let v(w) = -w**3 + 3*w**2 + 26*w + 1. Give v(-5).
71
Let a(t) = -3*t**2 - 94*t - 610. Calculate a(-9).
-7
Let p(y) = -11*y + 91. Determine p(50).
-459
Let j(m) = 311*m**2 + 8*m + 10. What is j(-1)?
313
Let b(z) = -z**2 + 32*z - 169. Determine b(20).
71
Let y(b) = -4*b**2 - 271*b - 3459. Determine y(-17).
-8
Let s(p) = p**3 - 31*p**2 + 223*p - 5. Give s(11).
28
Let k(j) = -1448*j - 1441. Determine k(-1).
7
Let d(y) = 22*y + 9. Calculate d(3).
75
Let a(x) = 6*x**3 + 8*x**2 + 26*x - 2. Determine a(-3).
-170
Let k(j) = -508*j - 86. Calculate k(1).
-594
Let i(o) = o**3 + 8*o**2 - 5*o - 14. What is i(-13)?
-794
Let w(a) = a**2 + 89*a - 2127. What is w(20)?
53
Let o(u) = -1838*u + 18381. Calculate o(10).
1
Let j(s) = 4*s + 119. Give j(-2).
111
Let i(w) = -252*w - 13379. Give i(-53).
-23
Let u(p) = -p**2 + 96*p - 708. Determine u(8).
-4
Let b(k) = -37*k + 76. Give b(-1).
113
Let q(c) = 4*c**2 + 116*c - 1185. Calculate q(-37).
-1
Let a(s) = -38*s - 993. Give a(-21).
-195
Let k(b) = -7*b + 21. Determine k(4).
-7
Let z(d) = 6*d**2 - 3*d - 1. Determine z(6).
197
Let p(a) = -9*a**2 - 68*a + 71. Calculate p(1).
-6
Let h(f) = -f**2 + 25*f + 55. What is h(30)?
-95
Let g(p) = 9*p**2 - 256*p + 70. Calculate g(28).
-42
Let i(b) = -b**3 + 5*b**2 + 9*b + 2. Determine i(-2).
12
Let t(m) = 2003*m - 36055. Calculate t(18).
-1
Let k(n) = -n**3 + 7*n**2 - 5*n + 42. Give k(7).
7
Let g(h) = 10*h**3 + 7*h**2 - 6*h + 2. Calculate g(1).
13
Let u(b) = 2*b**3 + 58*b**2 - 7*b - 171. What is u(-29)?
32
Let f(j) = -3*j**3 + 18*j**2 - 10*j + 34. What is f(5)?
59
Let k(g) = -61*g + 315. Give k(6).
-51
Let l(i) = 50*i + 448. Calculate l(-14).
-252
Let l(d) = -d**3 - 11*d**2 + 359*d + 232. What is l(-25)?
7
Let b(z) = -101*z**3 - z**2 + 5*z - 3. Determine b(1).
-100
Let n(i) = 22*i**2 + 6*i - 12. Calculate n(2).
88
Let a(f) = 290*f - 5345. Determine a(19).
165
Let c(t) = t**2 - 34*t + 260. Determine c(13).
-13
Let v(l) = 42*l + 121. Determine v(-4).
-47
Let s(q) = 37*q - 384. What is s(10)?
-14
Let f(t) = 2*t**3 - 17*t**2 - 29*t - 8. Give f(10).
2
Let q(d) = -11*d + 142. Give q(-8).
230
Let v(g) = g**2 + 8*g - 1758. Give v(38).
-10
Let z(c) = -c**2 - 26*c + 158. Calculate z(-15).
323
Let i(z) = -z**3 + 42*z**2 + 86*z + 97. Give i(44).
9
Let g(r) = -2*r + 83. Determine g(13).
57
Let k(z) = 41*z**3 + 172*z**2 - 179*z + 8. What is k(1)?
42
Let y(z) = -139*z - 9170. What is y(-66)?
4
Let h(a) = -54*a - 51. What is h(-3)?
111
Let w(d) = -2*d**2 + d + 4. Calculate w(-7).
-101
Let a(k) = 2*k**3 + 17*k**2 + 6*k - 23. Determine a(-8).
-7
Let l(a) = a**3 + 3*a**2 - 6*a + 19. What is l(-6)?
-53
Let h(s) = 1461*s + 11694. Calculate h(-8).
6
Let b(l) = l**3 + 48*l**2 + 284*l - 74. Calculate b(-41).
49
Let c(h) = h**3 + 24*h**2 - 115*h - 55. Determine c(-28).
29
Let i(k) = 166*k**3 + k**2 + 21*k - 21. Give i(1).
167
Let v(z) = 2*z**2 - 70*z + 449. What is v(25)?
-51
Let l(p) = -p**3 - 96*p**2 - 939*p - 369. What is l(-85)?
-29
Let m(x) = x**2 - 31*x + 24. Give m(19)